**2 - 4*k + 2. What is g(4)?
2
Let u(s) = 86*s - 1023. Determine u(12).
9
Let w(c) = c**3 - 23*c**2 - 20*c - 95. Determine w(24).
1
Let p(b) = 2*b + 4. What is p(0)?
4
Let u(i) = 5*i - 172. Give u(35).
3
Let y(j) = -2*j**2 + 2*j - 4. Give y(2).
-8
Let u(v) = -v**2 - 3*v + 2. What is u(-4)?
-2
Let p(t) = t**2 + 9*t + 10. Calculate p(-11).
32
Let v(h) = -14*h + 120. Give v(10).
-20
Let f(n) = n**3 - 9*n**2 + 12*n - 7. Give f(8).
25
Let d(u) = u**3 + 16*u**2 + 18*u + 56. Give d(-15).
11
Let c(i) = 24*i + 2. Determine c(-2).
-46
Let m(c) = -c**2 + 18*c + 27. Calculate m(20).
-13
Let x(g) = -g**2 - 9*g - 9. Determine x(-5).
11
Let x(s) = 4*s**2 + 11*s - 2. What is x(-3)?
1
Let y(p) = -2*p + 21. Calculate y(12).
-3
Let k(x) = -x**2 - 4*x + 2. Give k(-9).
-43
Let m(f) = 9*f - 2. Give m(-5).
-47
Let j(y) = -y**3 - 2*y**2 + 8*y - 4. Calculate j(-4).
-4
Let p(m) = -m - 18. Determine p(-9).
-9
Let x(d) = d**2 - 21*d + 61. Give x(4).
-7
Let v(j) = j**2 - 10*j + 15. What is v(7)?
-6
Let v(h) = -2*h**2 + 5*h + 403. Give v(-13).
0
Let r(p) = -6*p - 37. Calculate r(-6).
-1
Let f(w) = w**3 - 11*w**2 + 18*w - 11. Give f(9).
-11
Let t(h) = -13*h + 96. Give t(8).
-8
Let w(i) = -4*i + 5. Give w(3).
-7
Let v(b) = -6*b**3 + 6*b**2 - 5*b - 2. Give v(2).
-36
Let y(c) = c**3 - 6*c**2 - 5*c - 95. Give y(8).
-7
Let b(v) = v**3 + 17*v**2 + 16*v + 7. What is b(-16)?
7
Let o(f) = 3*f**3 - 37*f**2 + 16*f - 43. Give o(12).
5
Let b(i) = 2*i - 10. Determine b(11).
12
Let d(v) = v**3 - 7*v**2 - 2*v + 16. Give d(7).
2
Let c(w) = w**3 + 12*w**2 - 12*w - 14. Calculate c(-13).
-27
Let u(w) = -w**2 + 16*w - 58. Determine u(6).
2
Let c(n) = -32*n + 3. What is c(2)?
-61
Let f(w) = 3*w**2 + 2*w - 1. Calculate f(-2).
7
Let p(w) = w**3 - 9*w - 1. Calculate p(-4).
-29
Let p(d) = 2*d**2 - 36*d + 84. Determine p(15).
-6
Let x(y) = y**3 - 26*y**2 + 120*y - 14. What is x(6)?
-14
Let i(y) = -y**2 + 7*y - 15. Calculate i(5).
-5
Let h(l) = -8*l + 4. Calculate h(7).
-52
Let v(s) = -s**2 + 24*s - 6. Calculate v(24).
-6
Let l(d) = d**3 + 3*d**2 - 11*d - 9. Give l(-5).
-4
Let m(s) = 2*s**3 - 6*s**2 + 8*s + 5. Determine m(4).
69
Let p(i) = 17*i**3 + 3*i**2 + 5*i + 3. Give p(-1).
-16
Let x(d) = -16*d + 5. Give x(2).
-27
Let r(p) = p**2 - p - 18. What is r(-4)?
2
Let g(l) = -6*l**2 - 23*l - 18. Calculate g(-4).
-22
Let v(q) = -9*q - 71. Calculate v(-7).
-8
Let t(v) = -v**3 + 10*v**2 + 6*v + 4. What is t(10)?
64
Let z(c) = 2*c**3 - 7*c**2 - 3*c - 11. What is z(4)?
-7
Let d(b) = 4*b**3 + 2*b**2 - b - 1. What is d(-2)?
-23
Let r(n) = 7*n - 63. Determine r(-10).
-133
Let z(r) = r - 74. What is z(0)?
-74
Let m(r) = -11*r + 144. Calculate m(13).
1
Let l(d) = -d**3 + 17*d**2 - 29*d - 11. Give l(15).
4
Let p(o) = o**3 + 9*o**2 - 12*o - 30. What is p(-10)?
-10
Let b(z) = -2*z**2 + 18*z - 1. Calculate b(9).
-1
Let i(d) = -d**3 - 15*d**2 - 14*d + 2. What is i(-14)?
2
Let g(l) = l**2 - 7*l - 10. Calculate g(5).
-20
Let r(a) = 5*a**2 - 35*a + 8. Calculate r(7).
8
Let m(w) = w**3 - 13*w**2 + 23*w + 13. Determine m(11).
24
Let i(r) = -r**2 - 5*r - 3. What is i(-4)?
1
Let w(g) = 37*g. Calculate w(1).
37
Let y(p) = p + 51. Calculate y(32).
83
Let c(a) = -a**3 + 8*a**2 + a - 6. Determine c(7).
50
Let z(c) = -2*c**2 + 22*c - 25. Give z(8).
23
Let i(l) = l**3 - 5*l**2 - 6*l - 8. What is i(6)?
-8
Let r(t) = -2*t**2 + 4*t - 3. Give r(-4).
-51
Let c(z) = z**3 + 6*z**2 - 17. What is c(-4)?
15
Let z(o) = o**3 + 12*o**2 - 5*o - 17. Calculate z(-12).
43
Let p(t) = -t**3 - 7*t**2 + 5*t + 7. Give p(-8).
31
Let b(r) = -r**2 + r - 7. Determine b(0).
-7
Let b(x) = x**2 - 9*x + 7. Calculate b(4).
-13
Let g(q) = -q**2 - 16*q - 5. Give g(-16).
-5
Let j(w) = -w**2 - 2*w - 7. Determine j(0).
-7
Let y(z) = 11*z + 57. Give y(-6).
-9
Let j(n) = -n**3 + 6*n - 4. What is j(3)?
-13
Let u(l) = 2*l**3 - 12*l**2 + 4. Give u(6).
4
Let u(r) = -4*r**2 - 3*r + 2. Give u(3).
-43
Let h(j) = -4*j + 13. Give h(-10).
53
Let v(s) = s - 2. Calculate v(-7).
-9
Let k(f) = 2*f - 14. Calculate k(0).
-14
Let r(x) = -x**2 + 19*x - 40. Calculate r(15).
20
Let x(u) = -3*u + 30. Determine x(13).
-9
Let x(i) = i**3 + 4*i**2 - 10*i + 13. Determine x(-6).
1
Let p(f) = 27*f + 5. Calculate p(0).
5
Let z(v) = -v**2 + v - 7. Give z(8).
-63
Let j(b) = 2*b - 24. Determine j(18).
12
Let o(i) = i - 58. What is o(0)?
-58
Let f(x) = -118*x + 827. Determine f(7).
1
Let h(a) = -2*a**3 - 4*a + 2. Determine h(3).
-64
Let i(q) = -q**3 - 7*q**2 - q - 3. Calculate i(-5).
-48
Let n(r) = 6*r**3 + 23*r**2 - 6*r - 11. Calculate n(-4).
-3
Let g(t) = -t**3 + 13*t**2 + 33*t - 37. Calculate g(15).
8
Let b(c) = 2*c + 24. Give b(-4).
16
Let b(r) = -r**3 - r - 1. Determine b(0).
-1
Let r(d) = -13*d - 2. Give r(1).
-15
Let s(d) = 2*d**3 + 22*d**2 + d + 10. Calculate s(-11).
-1
Let z(b) = b**3 - 7*b**2 - 5*b + 5. Calculate z(7).
-30
Let k(p) = -p**3 + 8*p**2 + 3*p - 26. What is k(6)?
64
Let s(z) = -z**2 + 15*z - 50. Determine s(7).
6
Let f(p) = -2*p**2 + 12*p - 4. What is f(6)?
-4
Let y(p) = p**3 - 6*p**2 + 25. Determine y(5).
0
Let g(m) = -5*m + 30. Give g(6).
0
Let s(q) = -6*q + 65. Determine s(14).
-19
Let j(q) = q**3 + 19*q**2 - 19*q + 27. Calculate j(-20).
7
Let s(q) = q**3 + 51*q**2 + 95*q - 158. Calculate s(-49).
-11
Let z(v) = -2*v**2 - 20*v. Give z(-10).
0
Let f(o) = o**2 - 2*o - 72. Give f(-7).
-9
Let h(j) = -7*j + 198. Determine h(28).
2
Let q(d) = -9*d - 5. What is q(-4)?
31
Let u(v) = -3*v**2 + 4*v. Give u(4).
-32
Let q(j) = j**3 + 17*j**2 + 14*j - 23. Calculate q(-16).
9
Let l(q) = q**3 + 22*q**2 + 55*q - 22. Calculate l(-19).
16
Let q(f) = f**3 - 16*f**2 + 11*f + 16. Give q(15).
-44
Let m(v) = -2*v**2 - 8*v - 3. Give m(-5).
-13
Let j(h) = -7*h + 39. Give j(14).
-59
Let t(c) = 4*c - 66. Give t(14).
-10
Let b(w) = -w**3 + 4*w**2 + 11*w - 2. Give b(5).
28
Let j(q) = -8*q**3 - 2*q**2 + 3*q + 4. What is j(-1)?
7
Let i(y) = -22*y + 546. Calculate i(25).
-4
Let d(q) = -q**2 + 6*q + 2. What is d(9)?
-25
Let m(q) = -q**3 - 15*q**2 - 15*q - 33. Calculate m(-14).
-19
Let x(o) = 5*o - 83. Calculate x(11).
-28
Let g(o) = 6*o - 67. Determine g(10).
-7
Let h(j) = -2*j + 13. Give h(-12).
37
Let a(v) = 37*v - 550. What is a(15)?
5
Let n(p) = p**2 - 9*p - 17. Determine n(10).
-7
Let l(m) = -5*m + 22. Calculate l(4).
2
Let c(u) = -u**3 - 22. Calculate c(0).
-22
Let g(s) = -s**2 - 8*s + 4. What is g(-10)?
-16
Let y(i) = i**3 - 18*i**2 + 30*i + 38. Give y(16).
6
Let r(g) = g**3 - 4*g**2 - 4. Calculate r(5).
21
Let u(q) = 6*q - 16. Determine u(8).
32
Let k(p) = -p - 6. Determine k(-10).
4
Let w(d) = d**2 - 4*d - 7. Calculate w(5).
-2
Let a(s) = 20*s - 154. Calculate a(7).
-14
Let a(v) = -4*v - 10. What is a(-5)?
10
Let w(z) = -2*z + 7. Give w(7).
-7
Let l(g) = -3*g**2 - 104*g + 34. Give l(-35).
-1
Let y(f) = f**2 + 25*f + 19. Calculate y(-24).
-5
Let f(u) = u**2 + 8*u - 73. What is f(-15)?
32
Let l(a) = -7*a + 5. What is l(5)?
-30
Let t(i) = -2*i - 3. Calculate t(-4).
5
Let t(l) = -l**3 - l**2 + 2*l - 1. What is t(-3)?
11
Let r(g) = 13*g - 55. Determine r(4).
-3
Let n(b) = 61*b - 1. Calculate n(-1).
-62
Let p(o) = -o**2 - 9*o - 12. Give p(-8).
-4
Let t(v) = v**3 - 17*v**2 - 16*v - 15. Give t(18).
21
Let x(m) = -m**2 + 10*m + 5. Determine x(0).
5
Let s(h) = -2*h - 6. Calculate s(-4).
2
Let o(c) = -2*c**2 - 8*c + 6. Determine o(-7).
-36
Let a(t) = 17*t. What is a(1)?
17
Let u(n) = 2*n**2 - 5*n - 4. Calculate u(3).
-1
Let f(u) = u**3 - 6*u**2 - 14*u - 13. Determine f(8).
3
Let w(q) = -8*q**3 + q**2 + q. Calculate w(1).
-6
Let s(a) = -a**2 - 12*a + 23. Give s(-11).
34
Let o(v) = 44*v - 316. What is o(7)?
-8
Let p(o) = o**2 + 16*o - 18. Determine p(-18).
18
Let l(k) = -k**3 - 24*k**2 - 23*k - 30. Calculate l(-23).
-30
Let g(l) = -l**2 - 22*l + 600. Determine g(-38).
-8
Let y(x) = -3*x + 15. Give y(8).
-9
Let b(f) = 56*f**2 + 2*f + 1. What is b(-1)?
55
Let s(r) = -r + 3. What is s(-6)?
9
Let a(s) = -8*s - 130. Give a(-16).
-2
Let x(n) = 210*n**2 - 7*n. Give x(-1).
217
Let g(a) = 299*a + 1194. Calculate g(-4).
-2
Let x(g) = -g**2 - 24*g - 37. Determine x(-22).
7
Let o(a) = -2*a + 56. Give o(28).
0
Let s(d) = 57*d**3 + 1. Give s(1).
58
Let w(y) = 13*y + 21. Determine w(5).
86
Let m(n) = -n**3 + 4*n**2 + 5*n + 3. Calculate m(4).
23
Let m(l) = 7*l - 181. Calculate m(24).
-13
Let x(l) = l**2 - 3*l. Determine x(2)